{"id":16080,"date":"2024-10-18T08:35:44","date_gmt":"2024-10-18T08:35:44","guid":{"rendered":"https:\/\/attitude.no\/?page_id=16080"},"modified":"2025-09-15T08:14:58","modified_gmt":"2025-09-15T08:14:58","slug":"etterbehandling","status":"publish","type":"page","link":"https:\/\/attitude.no\/eng\/etterbehandling\/","title":{"rendered":"AFTERCARE"},"content":{"rendered":"<div data-elementor-type=\"wp-page\" data-elementor-id=\"16080\" class=\"elementor elementor-16080\" data-elementor-post-type=\"page\">\n\t\t\t\t<div class=\"elementor-element elementor-element-fbc7e5e e-flex e-con-boxed e-con e-parent\" data-id=\"fbc7e5e\" data-element_type=\"container\">\n\t\t\t\t\t<div class=\"e-con-inner\">\n\t\t<div class=\"elementor-element elementor-element-4b2959d e-con-full e-flex e-con e-child\" data-id=\"4b2959d\" data-element_type=\"container\">\n\t\t\t\t<div class=\"elementor-element elementor-element-0f39b7b font-alignment elementor-widget elementor-widget-heading\" data-id=\"0f39b7b\" data-element_type=\"widget\" data-widget_type=\"heading.default\">\n\t\t\t\t<div class=\"elementor-widget-container\">\n\t\t\t<h1 class=\"elementor-heading-title elementor-size-default\">After treatment<\/h1>\t\t<\/div>\n\t\t\t\t<\/div>\n\t\t\t\t<\/div>\n\t\t\t\t\t<\/div>\n\t\t\t\t<\/div>\n\t\t<div class=\"elementor-element elementor-element-eb3c966 e-flex e-con-boxed e-con e-parent\" data-id=\"eb3c966\" data-element_type=\"container\">\n\t\t\t\t\t<div class=\"e-con-inner\">\n\t\t\t\t<div class=\"elementor-element elementor-element-59163df elementor-testimonial--skin-default elementor-testimonial--layout-image_inline elementor-testimonial--align-center elementor-widget elementor-widget-testimonial-carousel\" data-id=\"59163df\" data-element_type=\"widget\" data-settings=\"{&quot;slides_per_view&quot;:&quot;6&quot;,&quot;speed&quot;:4000,&quot;autoplay_speed&quot;:0,&quot;space_between&quot;:{&quot;unit&quot;:&quot;px&quot;,&quot;size&quot;:54,&quot;sizes&quot;:[]},&quot;slides_per_view_tablet&quot;:&quot;6&quot;,&quot;slides_per_view_mobile&quot;:&quot;6&quot;,&quot;autoplay&quot;:&quot;yes&quot;,&quot;loop&quot;:&quot;yes&quot;,&quot;space_between_tablet&quot;:{&quot;unit&quot;:&quot;px&quot;,&quot;size&quot;:10,&quot;sizes&quot;:[]},&quot;space_between_mobile&quot;:{&quot;unit&quot;:&quot;px&quot;,&quot;size&quot;:10,&quot;sizes&quot;:[]}}\" data-widget_type=\"testimonial-carousel.default\">\n\t\t\t\t<div class=\"elementor-widget-container\">\n\t\t\t\t\t<div class=\"elementor-swiper\">\n\t\t\t<div class=\"elementor-main-swiper swiper\">\n\t\t\t\t<div class=\"swiper-wrapper\">\n\t\t\t\t\t\t\t\t\t\t\t<div class=\"swiper-slide\">\n\t\t\t\t\t\t\t\t\t<div class=\"elementor-testimonial\">\n\t\t\t\t\t\t<div class=\"elementor-testimonial__footer\">\n\t\t\t\t\t\t\t\t<cite class=\"elementor-testimonial__cite\"><span class=\"elementor-testimonial__name\">CONGRATULATIONS ON YOUR NEW TATTOO!<\/span><\/cite>\t\t\t<\/div>\n\t\t<\/div>\n\t\t\t\t\t\t\t\t<\/div>\n\t\t\t\t\t\t\t\t\t\t\t<div class=\"swiper-slide\">\n\t\t\t\t\t\t\t\t\t<div class=\"elementor-testimonial\">\n\t\t\t\t\t\t<div class=\"elementor-testimonial__footer\">\n\t\t\t\t\t\t\t\t\t<div class=\"elementor-testimonial__image\">\n\t\t\t\t\t\t<img decoding=\"async\" src=\"https:\/\/attitude.no\/wp-content\/uploads\/2024\/10\/thinsmooth.svg\" alt=\"\">\n\t\t\t\t\t\t\t\t\t\t\t<\/div>\n\t\t\t\t\t\t\t\t\t\t\t<\/div>\n\t\t<\/div>\n\t\t\t\t\t\t\t\t<\/div>\n\t\t\t\t\t\t\t\t\t\t\t<div class=\"swiper-slide\">\n\t\t\t\t\t\t\t\t\t<div class=\"elementor-testimonial\">\n\t\t\t\t\t\t<div class=\"elementor-testimonial__footer\">\n\t\t\t\t\t\t\t\t<cite class=\"elementor-testimonial__cite\"><span class=\"elementor-testimonial__name\">CONGRATULATIONS ON YOUR NEW TATTOO!<\/span><\/cite>\t\t\t<\/div>\n\t\t<\/div>\n\t\t\t\t\t\t\t\t<\/div>\n\t\t\t\t\t\t\t\t\t\t\t<div class=\"swiper-slide\">\n\t\t\t\t\t\t\t\t\t<div class=\"elementor-testimonial\">\n\t\t\t\t\t\t<div class=\"elementor-testimonial__footer\">\n\t\t\t\t\t\t\t\t\t<div class=\"elementor-testimonial__image\">\n\t\t\t\t\t\t<img decoding=\"async\" src=\"https:\/\/attitude.no\/wp-content\/uploads\/2024\/10\/thinsmooth.svg\" alt=\"\">\n\t\t\t\t\t\t\t\t\t\t\t<\/div>\n\t\t\t\t\t\t\t\t\t\t\t<\/div>\n\t\t<\/div>\n\t\t\t\t\t\t\t\t<\/div>\n\t\t\t\t\t\t\t\t\t\t\t<div class=\"swiper-slide\">\n\t\t\t\t\t\t\t\t\t<div class=\"elementor-testimonial\">\n\t\t\t\t\t\t<div class=\"elementor-testimonial__footer\">\n\t\t\t\t\t\t\t\t<cite class=\"elementor-testimonial__cite\"><span class=\"elementor-testimonial__name\">CONGRATULATIONS ON YOUR NEW TATTOO!<\/span><\/cite>\t\t\t<\/div>\n\t\t<\/div>\n\t\t\t\t\t\t\t\t<\/div>\n\t\t\t\t\t\t\t\t\t\t\t<div class=\"swiper-slide\">\n\t\t\t\t\t\t\t\t\t<div class=\"elementor-testimonial\">\n\t\t\t\t\t\t<div class=\"elementor-testimonial__footer\">\n\t\t\t\t\t\t\t\t\t<div class=\"elementor-testimonial__image\">\n\t\t\t\t\t\t<img decoding=\"async\" src=\"https:\/\/attitude.no\/wp-content\/uploads\/2024\/10\/thinsmooth.svg\" alt=\"\">\n\t\t\t\t\t\t\t\t\t\t\t<\/div>\n\t\t\t\t\t\t\t\t\t\t\t<\/div>\n\t\t<\/div>\n\t\t\t\t\t\t\t\t<\/div>\n\t\t\t\t\t\t\t\t\t<\/div>\n\t\t\t\t\t\t\t\t\t\t\t\t\t\t\t\t\t\t\t\t\t<\/div>\n\t\t<\/div>\n\t\t\t\t<\/div>\n\t\t\t\t<\/div>\n\t\t\t\t\t<\/div>\n\t\t\t\t<\/div>\n\t\t<div class=\"elementor-element elementor-element-606f64f e-flex e-con-boxed e-con e-parent\" data-id=\"606f64f\" data-element_type=\"container\">\n\t\t\t\t\t<div class=\"e-con-inner\">\n\t\t<div class=\"elementor-element elementor-element-e4d0884 e-con-full e-flex e-con e-child\" data-id=\"e4d0884\" data-element_type=\"container\">\n\t\t<div class=\"elementor-element elementor-element-b6f0785 e-con-full e-flex e-con e-child\" data-id=\"b6f0785\" data-element_type=\"container\">\n\t\t\t\t<div class=\"elementor-element elementor-element-72ffc9c elementor-widget elementor-widget-heading\" data-id=\"72ffc9c\" data-element_type=\"widget\" data-widget_type=\"heading.default\">\n\t\t\t\t<div class=\"elementor-widget-container\">\n\t\t\t<h2 class=\"elementor-heading-title elementor-size-default\">AFTERCARE TATTOO<\/h2>\t\t<\/div>\n\t\t\t\t<\/div>\n\t\t\t\t<div class=\"elementor-element elementor-element-43e0772 elementor-widget elementor-widget-text-editor\" data-id=\"43e0772\" data-element_type=\"widget\" data-widget_type=\"text-editor.default\">\n\t\t\t\t<div class=\"elementor-widget-container\">\n\t\t\t\t\t\t\t<p>You now have an open wound that needs careful treatment. How well it heals will largely depend on how closely you follow the guidance for the <a href=\"https:\/\/attitude.no\/eng\/magasinet\/etterbehandling-tatovering-7-gode-tips\/\">aftercare<\/a>, but we can never guarantee a completely perfect result. It is entirely normal for some ink to fade during the healing process.<\/p><p>In areas with a lot of movement, such as hands, fingers, feet, and knees, you should expect that some ink may fade. These areas can be touched up after 4 weeks if necessary.<\/p><p>Please note that large and small tattoos may have slightly different healing processes, and the results can vary from person to person. Feel free to contact us if you have any questions at phone number 22 20 13 13 or via email at post@attitude.no<\/p>\t\t\t\t\t\t<\/div>\n\t\t\t\t<\/div>\n\t\t\t\t<\/div>\n\t\t<div class=\"elementor-element elementor-element-77e6652 e-con-full e-flex e-con e-child\" data-id=\"77e6652\" data-element_type=\"container\">\n\t\t\t\t<div class=\"elementor-element elementor-element-16eba4d elementor-widget elementor-widget-heading\" data-id=\"16eba4d\" data-element_type=\"widget\" data-widget_type=\"heading.default\">\n\t\t\t\t<div class=\"elementor-widget-container\">\n\t\t\t<h3 class=\"elementor-heading-title elementor-size-default\">things to remember<\/h3>\t\t<\/div>\n\t\t\t\t<\/div>\n\t\t\t\t<div class=\"elementor-element elementor-element-b45ce7d elementor-icon-list--layout-traditional elementor-list-item-link-full_width elementor-widget elementor-widget-icon-list\" data-id=\"b45ce7d\" data-element_type=\"widget\" data-widget_type=\"icon-list.default\">\n\t\t\t\t<div class=\"elementor-widget-container\">\n\t\t\t\t\t<ul class=\"elementor-icon-list-items\">\n\t\t\t\t\t\t\t<li class=\"elementor-icon-list-item\">\n\t\t\t\t\t\t\t\t\t\t\t<span class=\"elementor-icon-list-icon\">\n\t\t\t\t\t\t\t<svg xmlns=\"http:\/\/www.w3.org\/2000\/svg\" width=\"28\" height=\"32\" viewbox=\"0 0 28 32\" fill=\"none\"><rect width=\"28\" height=\"28\" transform=\"translate(0 4)\" fill=\"#FD6A02\"><\/rect><path d=\"M10.7917 25L4.375 18.6702L6.62083 16.4548L10.7917 20.5691L21.3792 10.125L23.625 12.3404L10.7917 25Z\" fill=\"#F1F0EA\"><\/path><\/svg>\t\t\t\t\t\t<\/span>\n\t\t\t\t\t\t\t\t\t\t<span class=\"elementor-icon-list-text\"> Always wash your hands before touching the tattoo, when cleaning it or applying lotion on it.<\/span>\n\t\t\t\t\t\t\t\t\t<\/li>\n\t\t\t\t\t\t\t\t<li class=\"elementor-icon-list-item\">\n\t\t\t\t\t\t\t\t\t\t\t<span class=\"elementor-icon-list-icon\">\n\t\t\t\t\t\t\t<svg xmlns=\"http:\/\/www.w3.org\/2000\/svg\" width=\"28\" height=\"32\" viewbox=\"0 0 28 32\" fill=\"none\"><rect width=\"28\" height=\"28\" transform=\"translate(0 4)\" fill=\"#FD6A02\"><\/rect><path d=\"M10.7917 25L4.375 18.6702L6.62083 16.4548L10.7917 20.5691L21.3792 10.125L23.625 12.3404L10.7917 25Z\" fill=\"#F1F0EA\"><\/path><\/svg>\t\t\t\t\t\t<\/span>\n\t\t\t\t\t\t\t\t\t\t<span class=\"elementor-icon-list-text\">No swimming or sunbathing the next 3-4 weeks, but you can shower normally.<br><a href=\"https:\/\/attitude.no\/eng\/soling-og-bading-med-ny-tatovering\/\">READ MORE ABOUT SUNBATHING AND SWIMMING HERE<\/a><\/span>\n\t\t\t\t\t\t\t\t\t<\/li>\n\t\t\t\t\t\t\t\t<li class=\"elementor-icon-list-item\">\n\t\t\t\t\t\t\t\t\t\t\t<span class=\"elementor-icon-list-icon\">\n\t\t\t\t\t\t\t<svg xmlns=\"http:\/\/www.w3.org\/2000\/svg\" width=\"28\" height=\"32\" viewbox=\"0 0 28 32\" fill=\"none\"><rect width=\"28\" height=\"28\" transform=\"translate(0 4)\" fill=\"#FD6A02\"><\/rect><path d=\"M10.7917 25L4.375 18.6702L6.62083 16.4548L10.7917 20.5691L21.3792 10.125L23.625 12.3404L10.7917 25Z\" fill=\"#F1F0EA\"><\/path><\/svg>\t\t\t\t\t\t<\/span>\n\t\t\t\t\t\t\t\t\t\t<span class=\"elementor-icon-list-text\">Avoid exercise, sweating and stretching the area for at least one week.<br><a href=\"https:\/\/attitude.no\/eng\/magasinet\/hvordan-trene-med-ny-tatovering\/\">READ MORE ABOUT TATTOOS AND EXERCISE HERE<\/a><\/span>\n\t\t\t\t\t\t\t\t\t<\/li>\n\t\t\t\t\t\t\t\t<li class=\"elementor-icon-list-item\">\n\t\t\t\t\t\t\t\t\t\t\t<span class=\"elementor-icon-list-icon\">\n\t\t\t\t\t\t\t<svg xmlns=\"http:\/\/www.w3.org\/2000\/svg\" width=\"28\" height=\"32\" viewbox=\"0 0 28 32\" fill=\"none\"><rect width=\"28\" height=\"28\" transform=\"translate(0 4)\" fill=\"#FD6A02\"><\/rect><path d=\"M10.7917 25L4.375 18.6702L6.62083 16.4548L10.7917 20.5691L21.3792 10.125L23.625 12.3404L10.7917 25Z\" fill=\"#F1F0EA\"><\/path><\/svg>\t\t\t\t\t\t<\/span>\n\t\t\t\t\t\t\t\t\t\t<span class=\"elementor-icon-list-text\">Always use only clean towels, bedding and clothing to avoid infections.<\/span>\n\t\t\t\t\t\t\t\t\t<\/li>\n\t\t\t\t\t\t<\/ul>\n\t\t\t\t<\/div>\n\t\t\t\t<\/div>\n\t\t\t\t<\/div>\n\t\t\t\t<\/div>\n\t\t<div class=\"elementor-element elementor-element-af12ca7 e-con-full elementor-hidden-tablet elementor-hidden-mobile e-flex e-con e-child\" data-id=\"af12ca7\" data-element_type=\"container\">\n\t\t\t\t<\/div>\n\t\t\t\t\t<\/div>\n\t\t\t\t<\/div>\n\t\t<div class=\"elementor-element elementor-element-a24a4bb e-flex e-con-boxed e-con e-parent\" data-id=\"a24a4bb\" data-element_type=\"container\">\n\t\t\t\t\t<div class=\"e-con-inner\">\n\t\t<div class=\"elementor-element elementor-element-a0a3e5e e-con-full e-flex e-con e-child\" data-id=\"a0a3e5e\" data-element_type=\"container\">\n\t\t<div class=\"elementor-element elementor-element-dd7c039 e-con-full e-flex e-con e-child\" data-id=\"dd7c039\" data-element_type=\"container\">\n\t\t\t\t<div class=\"elementor-element elementor-element-9fff453 elementor-widget elementor-widget-heading\" data-id=\"9fff453\" data-element_type=\"widget\" data-widget_type=\"heading.default\">\n\t\t\t\t<div class=\"elementor-widget-container\">\n\t\t\t<h3 class=\"elementor-heading-title elementor-size-default\">YOU NEED: <\/h3>\t\t<\/div>\n\t\t\t\t<\/div>\n\t\t\t\t<\/div>\n\t\t\t\t<div class=\"elementor-element elementor-element-0748c5c elementor-icon-list--layout-traditional elementor-list-item-link-full_width elementor-widget elementor-widget-icon-list\" data-id=\"0748c5c\" data-element_type=\"widget\" data-widget_type=\"icon-list.default\">\n\t\t\t\t<div class=\"elementor-widget-container\">\n\t\t\t\t\t<ul class=\"elementor-icon-list-items\">\n\t\t\t\t\t\t\t<li class=\"elementor-icon-list-item\">\n\t\t\t\t\t\t\t\t\t\t\t<span class=\"elementor-icon-list-icon\">\n\t\t\t\t\t\t\t<svg xmlns=\"http:\/\/www.w3.org\/2000\/svg\" width=\"28\" height=\"32\" viewbox=\"0 0 28 32\" fill=\"none\"><rect width=\"28\" height=\"28\" transform=\"translate(0 4)\" fill=\"#FD6A02\"><\/rect><path d=\"M10.7917 25L4.375 18.6702L6.62083 16.4548L10.7917 20.5691L21.3792 10.125L23.625 12.3404L10.7917 25Z\" fill=\"#F1F0EA\"><\/path><\/svg>\t\t\t\t\t\t<\/span>\n\t\t\t\t\t\t\t\t\t\t<span class=\"elementor-icon-list-text\">TATTOOMED Cleansing gel (soap)<\/span>\n\t\t\t\t\t\t\t\t\t<\/li>\n\t\t\t\t\t\t\t\t<li class=\"elementor-icon-list-item\">\n\t\t\t\t\t\t\t\t\t\t\t<span class=\"elementor-icon-list-icon\">\n\t\t\t\t\t\t\t<svg xmlns=\"http:\/\/www.w3.org\/2000\/svg\" width=\"28\" height=\"32\" viewbox=\"0 0 28 32\" fill=\"none\"><rect width=\"28\" height=\"28\" transform=\"translate(0 4)\" fill=\"#FD6A02\"><\/rect><path d=\"M10.7917 25L4.375 18.6702L6.62083 16.4548L10.7917 20.5691L21.3792 10.125L23.625 12.3404L10.7917 25Z\" fill=\"#F1F0EA\"><\/path><\/svg>\t\t\t\t\t\t<\/span>\n\t\t\t\t\t\t\t\t\t\t<span class=\"elementor-icon-list-text\">TATTOOMED After Tattoo (lotion)<\/span>\n\t\t\t\t\t\t\t\t\t<\/li>\n\t\t\t\t\t\t<\/ul>\n\t\t\t\t<\/div>\n\t\t\t\t<\/div>\n\t\t<div class=\"elementor-element elementor-element-b25a54f e-con-full e-flex e-con e-child\" data-id=\"b25a54f\" data-element_type=\"container\">\n\t\t\t\t<div class=\"elementor-element elementor-element-7ca1986 elementor-widget elementor-widget-heading\" data-id=\"7ca1986\" data-element_type=\"widget\" data-widget_type=\"heading.default\">\n\t\t\t\t<div class=\"elementor-widget-container\">\n\t\t\t<h4 class=\"elementor-heading-title elementor-size-default\">Second Skin (the plastic over your new tattoo)<\/h4>\t\t<\/div>\n\t\t\t\t<\/div>\n\t\t\t\t<div class=\"elementor-element elementor-element-c1dae32 elementor-widget elementor-widget-text-editor\" data-id=\"c1dae32\" data-element_type=\"widget\" data-widget_type=\"text-editor.default\">\n\t\t\t\t<div class=\"elementor-widget-container\">\n\t\t\t\t\t\t\t<p>The plastic wrap you received can stay on for 3\u20135 days. It is completely normal for fluid, blood, and ink to collect in a small bubble under the plastic. The purpose of the plastic is to protect the wound and prevent air from getting to it. If the plastic has fallen off or has holes in it, you can remove it and use regular plastic wrap that you have at home. This can be used until the wound stops oozing.<\/p><p>When you are ready to remove the plastic wrap, the best way is to rinse it under warm water so that it loosens a bit, and then <i>roll<\/i> the plastic off. When the plastic is removed, it may appear as if a bit of the tattoo is 'coming off' with it \u2013 this is completely normal.<\/p>\t\t\t\t\t\t<\/div>\n\t\t\t\t<\/div>\n\t\t\t\t<\/div>\n\t\t<div class=\"elementor-element elementor-element-bb69f9c e-con-full e-flex e-con e-child\" data-id=\"bb69f9c\" data-element_type=\"container\">\n\t\t\t\t<div class=\"elementor-element elementor-element-e3150e8 elementor-widget elementor-widget-heading\" data-id=\"e3150e8\" data-element_type=\"widget\" data-widget_type=\"heading.default\">\n\t\t\t\t<div class=\"elementor-widget-container\">\n\t\t\t<h3 class=\"elementor-heading-title elementor-size-default\">THE FIRST DAYS<\/h3>\t\t<\/div>\n\t\t\t\t<\/div>\n\t\t\t\t<div class=\"elementor-element elementor-element-d6a9a71 elementor-widget elementor-widget-text-editor\" data-id=\"d6a9a71\" data-element_type=\"widget\" data-widget_type=\"text-editor.default\">\n\t\t\t\t<div class=\"elementor-widget-container\">\n\t\t\t\t\t\t\t<p>In the first few days after you have removed the plastic wrap, it is important to wash the tattoo with the recommended soap. Gently pat it dry. Then, apply a thin layer of the recommended aftercare cream. Make sure to regularly moisturize the tattoo and keep it hydrated.<\/p>\t\t\t\t\t\t<\/div>\n\t\t\t\t<\/div>\n\t\t\t\t<\/div>\n\t\t<div class=\"elementor-element elementor-element-03c744f e-con-full e-flex e-con e-child\" data-id=\"03c744f\" data-element_type=\"container\">\n\t\t\t\t<div class=\"elementor-element elementor-element-b2afa66 elementor-widget elementor-widget-heading\" data-id=\"b2afa66\" data-element_type=\"widget\" data-widget_type=\"heading.default\">\n\t\t\t\t<div class=\"elementor-widget-container\">\n\t\t\t<h3 class=\"elementor-heading-title elementor-size-default\">THE NEXT 5 DAYS<\/h3>\t\t<\/div>\n\t\t\t\t<\/div>\n\t\t\t\t<div class=\"elementor-element elementor-element-609165a elementor-widget elementor-widget-text-editor\" data-id=\"609165a\" data-element_type=\"widget\" data-widget_type=\"text-editor.default\">\n\t\t\t\t<div class=\"elementor-widget-container\">\n\t\t\t\t\t\t\t<p>Continue to apply the aftercare cream three times a day\u2014morning, noon, and evening. If you are particularly exposed to bacteria or viruses, for example from work, children, or pets, it may be wise to cover the tattoo.<\/p>\t\t\t\t\t\t<\/div>\n\t\t\t\t<\/div>\n\t\t\t\t<\/div>\n\t\t<div class=\"elementor-element elementor-element-ab041b9 e-con-full e-flex e-con e-child\" data-id=\"ab041b9\" data-element_type=\"container\">\n\t\t\t\t<div class=\"elementor-element elementor-element-81d4017 elementor-widget elementor-widget-heading\" data-id=\"81d4017\" data-element_type=\"widget\" data-widget_type=\"heading.default\">\n\t\t\t\t<div class=\"elementor-widget-container\">\n\t\t\t<h3 class=\"elementor-heading-title elementor-size-default\">THE NEXT 2-4 WEEKS<\/h3>\t\t<\/div>\n\t\t\t\t<\/div>\n\t\t\t\t<div class=\"elementor-element elementor-element-feb2f3a elementor-widget elementor-widget-text-editor\" data-id=\"feb2f3a\" data-element_type=\"widget\" data-widget_type=\"text-editor.default\">\n\t\t\t\t<div class=\"elementor-widget-container\">\n\t\t\t\t\t\t\t<p>After some time, a thin layer will begin to form over the tattoo, which should gently peel off on its own. Continue to apply the aftercare cream until it has completely \"peeled off\".<\/p>\t\t\t\t\t\t<\/div>\n\t\t\t\t<\/div>\n\t\t\t\t<\/div>\n\t\t\t\t<\/div>\n\t\t<div class=\"elementor-element elementor-element-3d49c91 e-con-full e-flex e-con e-child\" data-id=\"3d49c91\" data-element_type=\"container\">\n\t\t\t\t<div class=\"elementor-element elementor-element-3fed635 dce_masking-none elementor-widget elementor-widget-image\" data-id=\"3fed635\" data-element_type=\"widget\" data-widget_type=\"image.default\">\n\t\t\t\t<div class=\"elementor-widget-container\">\n\t\t\t\t\t\t\t\t\t\t\t\t\t<img fetchpriority=\"high\" decoding=\"async\" width=\"591\" height=\"600\" src=\"https:\/\/attitude.no\/wp-content\/uploads\/2024\/10\/image-43.jpg\" class=\"attachment-full size-full wp-image-16119\" alt=\"\" srcset=\"https:\/\/attitude.no\/wp-content\/uploads\/2024\/10\/image-43.jpg 591w, https:\/\/attitude.no\/wp-content\/uploads\/2024\/10\/image-43-296x300.jpg 296w, https:\/\/attitude.no\/wp-content\/uploads\/2024\/10\/image-43-12x12.jpg 12w\" sizes=\"(max-width: 591px) 100vw, 591px\" \/>\t\t\t\t\t\t\t\t\t\t\t\t\t<\/div>\n\t\t\t\t<\/div>\n\t\t\t\t<\/div>\n\t\t\t\t\t<\/div>\n\t\t\t\t<\/div>\n\t\t<div class=\"elementor-element elementor-element-d95e67d e-flex e-con-boxed e-con e-parent\" data-id=\"d95e67d\" data-element_type=\"container\">\n\t\t\t\t\t<div class=\"e-con-inner\">\n\t\t<div class=\"elementor-element elementor-element-4d7971c e-con-full e-flex e-con e-child\" data-id=\"4d7971c\" data-element_type=\"container\">\n\t\t<div class=\"elementor-element elementor-element-e7284a6 e-con-full e-flex e-con e-child\" data-id=\"e7284a6\" data-element_type=\"container\">\n\t\t\t\t<div class=\"elementor-element elementor-element-7bfa3d3 elementor-widget elementor-widget-heading\" data-id=\"7bfa3d3\" data-element_type=\"widget\" data-widget_type=\"heading.default\">\n\t\t\t\t<div class=\"elementor-widget-container\">\n\t\t\t<h3 class=\"elementor-heading-title elementor-size-default\">WOUND INFECTION<\/h3>\t\t<\/div>\n\t\t\t\t<\/div>\n\t\t\t\t<div class=\"elementor-element elementor-element-4cd79d1 elementor-widget elementor-widget-text-editor\" data-id=\"4cd79d1\" data-element_type=\"widget\" data-widget_type=\"text-editor.default\">\n\t\t\t\t<div class=\"elementor-widget-container\">\n\t\t\t\t\t\t\tThere is always a risk when the skin is broken with needles. Most infections occur because proper aftercare is not followed. It is both easier and better to care for your tattoo than to deal with an infection. If an infection does develop and you start to notice symptoms such as increased <a href=\"https:\/\/attitude.no\/eng\/magasinet\/gjor-det-vondt-a-ta-en-tatovering\/\">pain<\/a> or notice any other suspicious symptoms, you should contact a doctor promptly.\t\t\t\t\t\t<\/div>\n\t\t\t\t<\/div>\n\t\t\t\t<\/div>\n\t\t\t\t<\/div>\n\t\t<div class=\"elementor-element elementor-element-026035a e-con-full elementor-hidden-tablet elementor-hidden-mobile e-flex e-con e-child\" data-id=\"026035a\" data-element_type=\"container\">\n\t\t\t\t<\/div>\n\t\t\t\t\t<\/div>\n\t\t\t\t<\/div>\n\t\t\t\t<\/div>","protected":false},"excerpt":{"rendered":"<p>Etterbehandling GRATUELRER MED DIN NYE TATOVERING GRATUELRER MED DIN NYE TATOVERING GRATUELRER MED DIN NYE TATOVERING Etterbehandling Tatovering Du har n\u00e5 et \u00e5pent s\u00e5r i huden som m\u00e5 behandles n\u00f8ye. Hvor godt det gror, avhenger i stor grad av hvordan du f\u00f8lger etterbehandlingen, men vi kan aldri garantere et helt perfekt resultat. Det er helt [&hellip;]<\/p>","protected":false},"author":1,"featured_media":0,"parent":0,"menu_order":0,"comment_status":"closed","ping_status":"closed","template":"","meta":{"_acf_changed":false,"content-type":"","rank_math_lock_modified_date":false,"footnotes":""},"class_list":["post-16080","page","type-page","status-publish","hentry"],"acf":[],"_links":{"self":[{"href":"https:\/\/attitude.no\/eng\/wp-json\/wp\/v2\/pages\/16080","targetHints":{"allow":["GET"]}}],"collection":[{"href":"https:\/\/attitude.no\/eng\/wp-json\/wp\/v2\/pages"}],"about":[{"href":"https:\/\/attitude.no\/eng\/wp-json\/wp\/v2\/types\/page"}],"author":[{"embeddable":true,"href":"https:\/\/attitude.no\/eng\/wp-json\/wp\/v2\/users\/1"}],"replies":[{"embeddable":true,"href":"https:\/\/attitude.no\/eng\/wp-json\/wp\/v2\/comments?post=16080"}],"version-history":[{"count":31,"href":"https:\/\/attitude.no\/eng\/wp-json\/wp\/v2\/pages\/16080\/revisions"}],"predecessor-version":[{"id":21672,"href":"https:\/\/attitude.no\/eng\/wp-json\/wp\/v2\/pages\/16080\/revisions\/21672"}],"wp:attachment":[{"href":"https:\/\/attitude.no\/eng\/wp-json\/wp\/v2\/media?parent=16080"}],"curies":[{"name":"wp","href":"https:\/\/api.w.org\/{rel}","templated":true}]}}